l(-10).
195
Let o(r) = -72*r - 2017. Determine o(-28).
-1
Let a(m) = -m**3 + 15*m**2 - 45*m + 5. Determine a(11).
-6
Let i(y) = 11*y + 241. Calculate i(-32).
-111
Let n(w) = 3*w**3 - 26*w**2 + 45*w - 235. Give n(8).
-3
Let d(j) = 18*j + 928. Determine d(-51).
10
Let a(u) = -147*u - 1111. Determine a(-8).
65
Let g(t) = t**2 - 5*t - 491. Give g(-20).
9
Let h(q) = q**3 - 28*q**2 - 295*q + 244. Determine h(36).
-8
Let r(j) = -102*j - 698. What is r(-7)?
16
Let l(r) = 23*r**3 - 163*r**2 + 22*r - 49. Determine l(7).
7
Let k(o) = o**3 + 2*o**2 - 42*o - 61. Determine k(-7).
-12
Let u(j) = 5*j**2 - 67*j + 368. Give u(6).
146
Let d(h) = -207*h + 5782. Calculate d(28).
-14
Let k(v) = -48*v**2 - 30*v + 67. Give k(3).
-455
Let p(r) = -r**3 + 62*r**2 - 119*r - 188. Calculate p(60).
-128
Let v(j) = 3*j**3 + 26*j**2 - 112*j + 90. Determine v(-12).
-6
Let w(q) = 16*q - 766. Determine w(50).
34
Let g(r) = 11*r - 26. What is g(3)?
7
Let d(s) = -s**3 - 4*s**2 - 12*s - 93. Calculate d(-5).
-8
Let h(i) = -101*i - 904. What is h(-9)?
5
Let t(z) = 12*z - 313. Calculate t(26).
-1
Let p(r) = -r**3 + 4*r**2 + 23*r - 110. What is p(5)?
-20
Let j(s) = 2*s + 30. Calculate j(14).
58
Let v(m) = 47*m**2 - 603*m - 102. What is v(13)?
2
Let t(r) = -95*r - 1155. Determine t(-12).
-15
Let y(o) = -13*o**2 - 2818*o - 2819. Determine y(-1).
-14
Let x(z) = z**2 + 9*z + 9. Determine x(9).
171
Let u(i) = -i**3 - 6*i**2 - 5*i - 2. Give u(-2).
-8
Let w(s) = -s**3 - 28*s**2 - 31*s - 160. What is w(-27)?
-52
Let m(w) = -w**3 - 3*w**2 - 400*w - 2459. Calculate m(-6).
49
Let a(h) = -h**3 + 10*h**2 + 6*h - 92. Calculate a(6).
88
Let f(y) = 8*y - 177. Give f(15).
-57
Let p(f) = -2*f**3 + 15*f**2 - 81*f + 16. What is p(5)?
-264
Let x(f) = -169*f + 4359. Determine x(27).
-204
Let l(h) = 11*h**2 + 3246*h + 302. Calculate l(-295).
7
Let o(u) = -184*u - 46. Determine o(-2).
322
Let i(s) = -39*s**2 - 21*s - 1. Determine i(-3).
-289
Let c(s) = 3*s**3 - 131*s**2 - 62*s + 453. Determine c(44).
-339
Let x(v) = 2*v**2 + 80*v - 364. What is x(4)?
-12
Let f(u) = -u**3 + 21*u**2 + 50*u - 50. Give f(23).
42
Let g(y) = 55*y - 818. Calculate g(15).
7
Let v(r) = -r**2 - 88*r - 42. Give v(-89).
-131
Let z(m) = m**3 - 7*m**2 + 10*m - 174. Determine z(8).
-30
Let y(g) = 354*g + 60200. What is y(-170)?
20
Let g(u) = 32*u - 1002. Calculate g(33).
54
Let v(g) = g**2 - 59*g - 141. Determine v(61).
-19
Let t(z) = 2*z**3 - 10*z**2 - 18*z - 3. Give t(0).
-3
Let z(t) = 2*t**2 - 251*t - 16882. What is z(174)?
-4
Let r(g) = 35*g - 2. Determine r(0).
-2
Let x(z) = -2*z**3 + 296*z**2 + 322*z - 3578. What is x(149)?
-2
Let o(s) = -s + 18. Give o(8).
10
Let a(p) = 68688*p + 549500. What is a(-8)?
-4
Let m(y) = -9*y**2 + 164*y + 13. What is m(19)?
-120
Let v(w) = -53*w - 6. Determine v(0).
-6
Let z(n) = -n**3 + 7*n**2 + 490*n - 4254. Determine z(9).
-6
Let u(z) = -2*z**3 + 2*z**2 + 2*z - 72. What is u(0)?
-72
Let s(c) = -2*c**2 - 5*c + 11. Calculate s(3).
-22
Let k(b) = -692*b**2 + 51*b + 51. Calculate k(-1).
-692
Let b(a) = 11*a**2 - 100*a + 565. What is b(6)?
361
Let w(u) = -u**3 - 73*u**2 - 338*u + 8. What is w(-5)?
-2
Let u(p) = 2*p**2 - p + 9. Calculate u(5).
54
Let k(h) = h**2 - 48*h + 92. Give k(46).
0
Let l(b) = b**3 + 3*b**2 - 14*b - 1. What is l(0)?
-1
Let a(f) = -38*f + 423. Determine a(11).
5
Let x(v) = 3*v + 197. Calculate x(-29).
110
Let u(y) = 1954*y + 25407. Calculate u(-13).
5
Let k(u) = -u**2 + 35*u + 120. Give k(-4).
-36
Let m(g) = -3*g**2 + 18*g + 417. Calculate m(-9).
12
Let j(x) = -219*x - 1919. Calculate j(-9).
52
Let x(i) = 26*i**2 - 91*i + 93. What is x(1)?
28
Let c(h) = 6*h**2 + 100*h - 304. Give c(3).
50
Let g(h) = -75*h + 1090. Give g(14).
40
Let q(r) = -437*r + 2635. Give q(6).
13
Let y(b) = -b**3 - 8*b**2 - 10*b - 14. Determine y(-7).
7
Let s(b) = -b**3 + 80*b**2 + 898*b + 178. Give s(90).
-2
Let o(s) = -27*s**2 + 350*s + 7. What is o(13)?
-6
Let d(o) = 77*o + 212. Give d(-2).
58
Let w(s) = 30*s**3 + 182*s**2 + 7*s + 9. Determine w(-6).
39
Let g(k) = -4*k**2 + 100*k - 510. Give g(16).
66
Let d(q) = -3*q**3 + 10*q**2 - 26*q + 34. Determine d(5).
-221
Let y(a) = 11*a**3 - 955*a**2 - 174*a + 5. What is y(87)?
5
Let h(g) = g**2 - 37*g - 203. Give h(39).
-125
Let i(b) = 180*b - 2524. Determine i(14).
-4
Let n(h) = 2*h**3 - 46*h**2 + 39*h + 86. Give n(22).
-24
Let x(n) = 3*n**2 - 9*n - 243. Calculate x(21).
891
Let r(o) = -3336*o + 26726. Calculate r(8).
38
Let w(r) = r**3 - 11*r**2 + 14*r - 36. Give w(4).
-92
Let w(t) = -t - 49. What is w(-1)?
-48
Let n(h) = -h**3 + 28*h**2 + 27*h - 57. Calculate n(29).
-115
Let k(o) = -26*o + 66. Determine k(2).
14
Let a(m) = -619*m + 7423. Determine a(12).
-5
Let f(t) = -18*t**3 + 3*t**2 - 16*t + 15. Calculate f(1).
-16
Let i(c) = c**3 + 3*c**2 + 47*c + 207. What is i(-5)?
-78
Let m(r) = -74*r - 7469. Calculate m(-103).
153
Let y(s) = -379*s - 1924. What is y(-5)?
-29
Let u(q) = 292*q + 578. Calculate u(-2).
-6
Let c(m) = -14*m**2 - 699*m + 50. Calculate c(-50).
0
Let g(u) = -12*u**2 - 5*u - 14. Give g(-2).
-52
Let o(a) = -426*a - 5130. What is o(-12)?
-18
Let y(b) = 5*b**2 + 80*b - 1. What is y(-11)?
-276
Let v(w) = 3009*w - 144429. Give v(48).
3
Let n(k) = -k**3 - 11*k**2 - 16*k - 8. Determine n(-5).
-78
Let z(c) = 3*c**2 - 153*c - 78. Calculate z(51).
-78
Let w(y) = 4917*y - 24583. Give w(5).
2
Let h(p) = -6*p - 154. Determine h(-38).
74
Let i(r) = -13*r - 276. What is i(-17)?
-55
Let b(x) = -280*x - 9455. Give b(-34).
65
Let u(v) = 2*v**3 - 40*v**2 - 308*v - 49. Give u(26).
55
Let o(k) = -k**3 + 430*k**2 - 2530*k - 100. Calculate o(6).
-16
Let o(q) = q**2 - 32*q + 121. Determine o(22).
-99
Let z(c) = -129*c**2 + 5805*c + 1. Calculate z(45).
1
Let l(v) = v**3 + 2*v**2 - 32*v + 4. Give l(4).
-28
Let a(z) = -z**3 - 4*z**2 + 23*z - 11. Give a(-8).
61
Let q(n) = -757*n - 10627. Calculate q(-14).
-29
Let z(a) = 360*a + 9055. Determine z(-25).
55
Let k(p) = -4*p**2 + 58*p - 239. Calculate k(5).
-49
Let t(i) = -389*i + 5057. What is t(13)?
0
Let c(q) = -135*q - 2086. Give c(-17).
209
Let p(s) = s**3 - s**2 - 92*s + 29. Give p(10).
9
Let x(r) = -r**2 - 127*r - 2140. Calculate x(-107).
0
Let s(d) = -d**3 - 46*d**2 - 11*d + 1455. What is s(-45)?
-75
Let c(r) = 102*r - 867. Calculate c(6).
-255
Let u(i) = 2120*i - 2098. Calculate u(1).
22
Let n(k) = 2*k**3 + 40*k + 95. Determine n(0).
95
Let b(l) = 2*l**3 + 18*l**2 + 10*l + 3. Give b(-9).
-87
Let m(b) = b**2 + 10*b - 18. Give m(-14).
38
Let s(d) = 85*d - 1108. Calculate s(12).
-88
Let k(c) = -9*c + 2. What is k(7)?
-61
Let v(u) = -2*u**3 + 85*u**2 + 48*u - 240. Determine v(43).
-25
Let b(s) = s**2 - 115*s + 2602. Determine b(84).
-2
Let c(d) = 10*d + 77. Give c(-8).
-3
Let s(u) = -384*u + 621. Calculate s(2).
-147
Let n(b) = -2*b**3 + 35*b**2 + 19*b - 20. Give n(18).
-2
Let k(a) = 370*a + 6690. Determine k(-18).
30
Let d(p) = p**3 - 15*p**2 + 16*p - 7. What is d(14)?
21
Let k(q) = 103*q - 3342. Calculate k(33).
57
Let b(s) = -s**3 - 16*s**2 - 43*s - 51. Determine b(-15).
369
Let b(i) = 64*i + 107. What is b(-2)?
-21
Let z(p) = 2*p**2 - 28*p - 304. Give z(21).
-10
Let d(s) = -s**3 - 15*s**2 + 22*s + 313. Determine d(-15).
-17
Let u(q) = -201*q + 602. What is u(3)?
-1
Let b(q) = -2*q**2 - 29*q - 51. Give b(-11).
26
Let t(m) = -5*m**2 + 11*m + 84. Calculate t(-5).
-96
Let s(j) = 5892*j - 1. What is s(0)?
-1
Let k(g) = -76*g**2 + 28*g - 6. Calculate k(2).
-254
Let t(h) = 9276*h - 55670. Give t(6).
-14
Let l(a) = -52*a**2 + 19*a - 30. What is l(-4)?
-938
Let j(r) = 4*r**3 - 2*r**2 - 17*r + 26. Determine j(2).
16
Let s(p) = 25*p + 277. Give s(-9).
52
Let t(c) = -119*c**2 + 1430*c + 26. What is t(12)?
50
Let j(t) = 221*t + 2946. What is j(-13)?
73
Let r(h) = -1267*h - 7597. Calculate r(-6).
5
Let r(d) = -93*d + 1666. What is r(18)?
-8
Let z(n) = -8*n**3 - 26*n**2 - 25*n - 5. Determine z(-2).
5
Let a(h) = 11*h - 93. Calculate a(11).
28
Let v(o) = 195*o - 4086. Give v(21).
9
Let t(q) = -4*q**2 + 5*q - 12. Determine t(6).
-126
Let a(s) = 3*s - 221. Calculate a(76).
7
Let c(p) = -48*p - 769. Give c(-16).
-1
Let w(p) = 2*p**2 - 25. Calculate w(-4).
7
Let q(w) = -w**3 - 16*w**2 + 96*w + 328. Determine q(-20).
8
Let m(w) = 41*w**2 - 12*w + 15. Calculate m(3).
348
Let w(q) = q**3 + 19*q**2 - 74*q + 80. Determine w(-21).
752
Let m(w) = 6